d by 47.
13
Suppose 0 = 2*n - 5*n + 168. Calculate the remainder when n is divided by (14/35)/((-4)/40) + -5 + 38.
27
What is the remainder when 27250/52 - (-530)/(-13780) is divided by 35?
34
Let k be 110/25 - (-2)/(-5). Suppose -k*r + r = 3, 3*r + 17 = f. Suppose -78 = -3*z + 123. Calculate the remainder when z is divided by f.
11
Let b(s) = 37*s + 344. Calculate the remainder when b(-7) is divided by 19.
9
Let o(u) = u**3 + 59*u**2 - 48*u + 803. Let p(b) = 2*b - 3. What is the remainder when o(-60) is divided by p(5)?
6
Let u = -7150 - -7165. Calculate the remainder when 16 is divided by u.
1
Suppose 11*v + 28 = 25*v. Suppose v*n - 240 = -134. Calculate the remainder when n is divided by 6.
5
Suppose 0 = 3*s - 750 + 759. What is the remainder when 4080/42 + 1/(-7) + s is divided by 19?
18
Suppose 0 = 4*a - 2*p - 8974, -5*p - 3395 - 5558 = -4*a. Calculate the remainder when a is divided by 14.
7
Let o = 2107 - 2002. Calculate the remainder when o is divided by 5.
0
Let q = -499 + 1317. Let v = -749 + q. What is the remainder when 81 is divided by v?
12
Calculate the remainder when 836 is divided by 48/2*(702/36 + 16/(-2)).
8
Suppose 669*y - 30623 = 556*y. What is the remainder when y is divided by -1 + 6 + -3 - -23?
21
Calculate the remainder when 1083 + 15/(-9)*1254/(-190) is divided by 234.
158
Let t = 12897 + -12740. What is the remainder when 484 is divided by t?
13
Suppose -42 = 3*a + 5*x - 68, -a + x + 14 = 0. Suppose 3*f - 91 = 11. Calculate the remainder when f is divided by a.
10
Let f(t) = t**3 + 7*t**2 - 2*t - 5. Let r(k) = 88*k - 14802. What is the remainder when r(169) is divided by f(-7)?
7
Let u = 2159 + -2014. What is the remainder when 277 is divided by u?
132
Let s = 52 - 48. Suppose s*v - 4 = 0, 0 = -3*q - 21*v + 18*v + 78. Let d(j) = 4*j**2 + j + 4. What is the remainder when d(4) is divided by q?
22
Let v = 16078 + -15917. What is the remainder when v is divided by 86?
75
Suppose -4*c = -5*v - 378, -5 = 5*v - 15. Let g(r) = r**2 - r - 11. Let w be g(0). Let i = w - -36. What is the remainder when c is divided by i?
22
Let h(d) = -7*d + 481. What is the remainder when h(19) is divided by 52?
36
Let c = -32 - -49. Suppose 0 = -4*p + 3*l + 24, -3*p + 4*l = -p - 22. Calculate the remainder when ((-6)/(-18))/(p/603) is divided by c.
16
Suppose -134*b - 22*b - 29*b = -24790. Calculate the remainder when 526 is divided by b.
124
Suppose 4*f + f = 20. Let m(y) = y + 10. Let p(z) = 2*z**2 + 13*z - 18. Calculate the remainder when p(-9) is divided by m(f).
13
Calculate the remainder when (-5 + -2)*26/(6006/(-4917)) is divided by 42.
23
Let p(g) = -36*g + 806. Calculate the remainder when 16883 is divided by p(22).
13
Suppose 6*t + 79 = 319. Calculate the remainder when 97 + 15*8/t is divided by 51.
49
Suppose -23*p = -26*p - 4*q - 21, -2*p = -5*q - 32. Suppose -2*c + 48 = 4*b, 4 = b + 2. Calculate the remainder when c is divided by p.
0
Let g(p) = 7*p - 72. Let r(t) = 4*t**2 - 16*t - 12. Let z be r(6). Calculate the remainder when g(24) is divided by ((-2)/4 - -2)/(2/z).
15
Suppose 0*j = 2*j - 12. Suppose 57*y = -44 + 515 + 213. What is the remainder when y is divided by j?
0
Let v(l) = -l**3 - 5*l**2 + 59*l - 13. Suppose -4*s + 372 = 4*w - 0*w, -5*w - 295 = -3*s. Calculate the remainder when s is divided by v(5).
31
Let g(a) = 17*a + 40. Let c be g(-4). Let u = c + 30. Suppose -5*p + 7*p = u*v - 20, 3*p - 48 = -3*v. What is the remainder when 114 is divided by v?
10
Let a(f) = -119*f + 313. Let b be a(-6). Let z = b + -866. Calculate the remainder when z is divided by 42.
35
Let g = -22 + 24. Suppose -g*x = 4*x - 84. Let z(v) = v**2 - 13*v + 10. What is the remainder when 44 is divided by z(x)?
20
Let r = 28793 - 26544. Calculate the remainder when r is divided by 90.
89
Let f = 601 + -374. Let j = f - 200. Let h(m) = m**3 + 4*m**2 - 5*m + 5. What is the remainder when j is divided by h(-5)?
2
Suppose -3*l = -15, 4*u - 899*l = -898*l + 54775. What is the remainder when u is divided by 31?
24
Suppose 2*b - 4*m + 33 = b, -10 = -5*m. Suppose -82*f - 343 = -3149 - 8182. Let h = b + f. What is the remainder when h is divided by 16?
13
Suppose 3*u = g - 24, 416*g - 412*g = -3*u + 6. Let v be 0/(2/(1*-2)). Suppose v*x = 2*x - 94. What is the remainder when x is divided by g?
5
Calculate the remainder when (16050/90)/((-7)/(-105)) is divided by 20.
15
Let r(t) = 21*t**2 + 20*t**2 - 1 - 2*t - 38*t**2. What is the remainder when 10 is divided by r(-1)?
2
Suppose -7*f + 17 = -2*f + l, 8 = 4*l. Suppose z + g - 13 = 0, -f*g - 27 = 5*z - 86. Let h(w) = -2*w - 12. Calculate the remainder when z is divided by h(-7).
0
Let m = -85 + 130. Suppose 0*z = -4*z + 304. Suppose -2*d + 0*x + 35 = -x, -4*x - z = -4*d. Calculate the remainder when m is divided by d.
13
Calculate the remainder when (256/32 - ((-15213)/6 - -3))*8 is divided by 271.
270
Suppose -1731*h + 1739*h - 157 = -5*u, -2*h - 2*u + 34 = 0. Suppose 8 = n + n, 0 = 2*c - 3*n - 30. Calculate the remainder when h is divided by c.
3
Suppose -9*m = m - 120. What is the remainder when 2/12 - 1138/m*-1 is divided by 16?
15
Let w = 11 - 8. Suppose -2*k + 20 = 5*n, -w*k = -8*k - 4*n + 84. Suppose -4*a - k = -y, 4*y + 2*a - 61 = -a. Calculate the remainder when 45 is divided by y.
13
What is the remainder when 271 is divided by (-125)/(-7) + (-54)/63?
16
Suppose 2*n - 635 = 5*l, 1660 = 95*n - 90*n + 2*l. What is the remainder when n is divided by 164?
2
Suppose 5*m - 58 + 43 = 0. Suppose l - 2*s + m*s = 124, 496 = 4*l - 2*s. Calculate the remainder when l is divided by 37.
13
Let p(x) = x**2 + 4*x - 6. Let t = 17138 + -17132. What is the remainder when p(7) is divided by t?
5
Suppose -15*h + 50*h - 6572 = -27*h. Calculate the remainder when 2754 is divided by h.
104
Let z = 75 + -75. Suppose 3*w = -z + 36. Suppose -33 = -4*s - 5*m, 0*m = -4*m - w. What is the remainder when 67 is divided by s?
7
Let t(i) = i**2 + 12*i - 90. What is the remainder when 233 is divided by t(12)?
35
Suppose -7*c = -2261 - 1596. Let f = 155 - 118. Calculate the remainder when c is divided by f.
33
Suppose 3*s = 5*b - 1897 - 67, -s - 392 = -b. Calculate the remainder when b is divided by 383.
11
Suppose 116*o - 180*o + 512 = 0. What is the remainder when 2998 is divided by o?
6
Let v(w) = -w**2 - 17*w + 147. Calculate the remainder when v(-12) is divided by 8.
7
Let v(h) = 5*h**2 + 180*h - 7867. Calculate the remainder when v(51) is divided by 93.
89
Let c be ((-5)/(-15))/(0 + 3/450). Suppose -44*q = -c*q + 24. Calculate the remainder when 83 is divided by q.
3
Suppose -p + 4*h = 6, 2*p + 8*h = 6*h + 18. What is the remainder when 615 is divided by p?
3
Suppose -3*n - z + 309 = -7*z, 0 = n + 2*z - 119. Calculate the remainder when 830 is divided by n.
53
Suppose -5*p = 10, 0 = 3*d + p + 2 - 18. Suppose d*i - 2*i - t - 259 = 0, 2*t = -6. What is the remainder when 122 is divided by i?
58
Let g(i) = -8*i**3 - 176*i**2 - 350*i - 3. What is the remainder when 1984 is divided by g(-2)?
46
Let n be (30/27)/5 - 148/18. Let j be (-4)/(n/6) + 0/(-3). Calculate the remainder when 41 is divided by 33*(7/j - 2).
8
Let o(x) = x**2 - 8*x + 9. Suppose 4*w + 13 = 45. Calculate the remainder when 71 is divided by o(w).
8
Suppose 9*k - 12*k + 168 = 4*b, 4*k = 4*b + 252. Suppose k = 16*g - 4. What is the remainder when g is divided by 0*(-1 + 2) + 1?
0
Let l(k) = -k**3 - 6*k**2 - 2*k - 1. Let q(g) = 6*g**3 - 7*g**2 + 8*g + 6. Let t be q(3). Let c = t - 77. What is the remainder when c is divided by l(-6)?
8
Suppose 1593 + 3134 = 18*n + 11*n. What is the remainder when 820 is divided by n?
5
Suppose 0*z - 55 = z. Let h = 83 + z. Let f(o) = 2*o**3 - 48*o**2 - 44*o - 70. Calculate the remainder when f(25) is divided by h.
24
Let q = 3487 - 3254. What is the remainder when 8385 is divided by q?
230
Let s = -333 + 353. Suppose 223 - 1223 = -s*y. Calculate the remainder when 55 is divided by y.
5
Suppose 30*w = 27*w + 1032. Suppose -5*b - 3*p = -w, 137 + 201 = 5*b + p. What is the remainder when b is divided by 4?
3
What is the remainder when 777 is divided by 5*87*(-192)/(-960)?
81
Suppose 283*v - 280*v + 5*n = 5291, 0 = -3*v + 5*n + 5221. Calculate the remainder when v is divided by 876.
0
Suppose 4*s + 28 = -8. Let q = 9 + s. Suppose -5*d